base 8) to base 3
212
What is -131 (base 6) in base 13?
-43
-4 (base 11) to base 14
-4
0 (base 3) to base 16
0
Convert -402 (base 8) to base 9.
-316
What is -110000 (base 2) in base 15?
-33
11200 (base 3) to base 11
105
-a (base 12) to base 2
-1010
What is -11 (base 3) in base 5?
-4
Convert 8e (base 15) to base 10.
134
What is 43 (base 10) in base 16?
2b
Convert -2 (base 13) to base 4.
-2
What is -2033 (base 4) in base 10?
-143
What is -10101 (base 3) in base 6?
-231
Convert 21 (base 4) to base 7.
12
-2 (base 6) to base 11
-2
-c5 (base 14) to base 10
-173
What is -401 (base 7) in base 10?
-197
Convert 13 (base 5) to base 14.
8
Convert -222 (base 9) to base 15.
-c2
-20 (base 11) to base 15
-17
What is -1210 (base 3) in base 13?
-39
What is 10020 (base 3) in base 8?
127
65 (base 10) to base 5
230
What is 433 (base 6) in base 15?
b0
What is -34 (base 16) in base 3?
-1221
Convert -241 (base 7) to base 9.
-151
What is -16 (base 7) in base 10?
-13
3 (base 5) to base 6
3
15 (base 12) to base 13
14
What is 2 (base 15) in base 7?
2
What is -21 (base 3) in base 5?
-12
-5 (base 7) to base 10
-5
-120 (base 16) to base 14
-168
22 (base 9) to base 14
16
Convert -11 (base 12) to base 16.
-d
-68 (base 11) to base 15
-4e
What is -1 (base 9) in base 13?
-1
-3 (base 15) to base 12
-3
What is c4 (base 15) in base 2?
10111000
What is -21 (base 7) in base 12?
-13
What is -129 (base 11) in base 13?
-b9
-3 (base 15) to base 12
-3
What is 343 (base 6) in base 16?
87
What is -1 (base 3) in base 2?
-1
-34 (base 16) to base 2
-110100
What is 0 (base 6) in base 8?
0
Convert 30 (base 12) to base 16.
24
7 (base 14) to base 3
21
Convert -69 (base 10) to base 11.
-63
What is 100020 (base 3) in base 4?
3321
Convert -52 (base 6) to base 7.
-44
Convert 91 (base 11) to base 6.
244
-7d (base 14) to base 12
-93
-10 (base 6) to base 7
-6
Convert 18 (base 13) to base 2.
10101
4 (base 13) to base 2
100
Convert -22 (base 9) to base 12.
-18
-1142 (base 6) to base 10
-278
What is -12 (base 3) in base 8?
-5
-1100000 (base 2) to base 16
-60
-5 (base 6) to base 5
-10
Convert 7 (base 15) to base 7.
10
2011 (base 3) to base 14
42
1000101 (base 2) to base 10
69
What is -3 (base 4) in base 10?
-3
Convert 0 (base 16) to base 2.
0
Convert 10 (base 16) to base 4.
100
Convert 0 (base 12) to base 3.
0
3 (base 11) to base 12
3
Convert 2b (base 12) to base 13.
29
Convert -16 (base 14) to base 7.
-26
What is -261 (base 8) in base 5?
-1202
3 (base 15) to base 9
3
What is 0 (base 7) in base 9?
0
110 (base 5) to base 14
22
Convert -1010110 (base 2) to base 7.
-152
-14 (base 11) to base 16
-f
Convert 0 (base 9) to base 11.
0
Convert -322 (base 4) to base 14.
-42
-122 (base 3) to base 16
-11
Convert 6 (base 11) to base 7.
6
Convert -4 (base 11) to base 15.
-4
Convert -23 (base 14) to base 6.
-51
20 (base 7) to base 11
13
Convert 46 (base 9) to base 3.
1120
What is 47 (base 8) in base 3?
1110
41 (base 8) to base 14
25
7 (base 12) to base 3
21
What is 10010 (base 2) in base 3?
200
0 (base 5) to base 14
0
What is 112 (base 3) in base 13?
11
What is 93 (base 12) in base 11?
a1
What is 2 (base 15) in base 4?
2
Convert 143 (base 12) to base 15.
d0
What is 3 (base 4) in base 15?
3
311 (base 5) to base 9
100
-1 (base 3) to base 10
-1
Convert -2 (base 12) to base 3.
-2
What is -24 (base 10) in base 13?
-1b
Convert -10001 (base 3) to base 12.
-6a
10001 (base 2) to base 13
14
Convert -66 (base 8) to base 4.
-312
0 (base 16) to base 12
0
What is -10011 (base 2) in base 6?
-31
2 (base 4) to base 8
2
Convert 12 (base 5) to base 4.
13
Convert 1300 (base 4) to base 14.
80
Convert -132 (base 7) to base 9.
-80
-31 (base 5) to base 12
-14
Convert 3 (base 11) to base 15.
3
-27 (base 15) to base 2
-100101
What is 311 (base 5) in base 6?
213
What is 211 (base 3) in base 15?
17
-3 (base 11) to base 3
-10
Convert -1c (base 13) to base 5.
-100
What is 101100 (base 2) in base 11?
40
Convert -2 (base 7) to base 11.
-2
What is -7 (base 13) in base 11?
-7
Convert -1 (base 6) to base 3.
-1
What is -54 (base 6) in base 2?
-100010
What is 112 (base 7) in base 4?
322
Convert -173 (base 12) to base 10.
-231
What is 102 (base 5) in base 7?
36
Convert 4 (base 8) to base 6.
4
What is 44 (base 6) in base 3?
1001
Convert -85 (base 10) to base 12.
-71
Convert -160 (base 7) to base 13.
-70
Convert -178 (base 9) to base 12.
-108
Convert -17 (base 8) to base 6.
-23
Convert 2213 (base 4) to base 5.
1132
-75 (base 10) to base 11
-69
4 (base 12) to base 3
11
Convert -24 (base 5) to base 13.
-11
What is -144 (base 11) in base 7?
-331
Convert -2 (base 11) to base 4.
-2
What is 22 (base 12) in base 6?
42
Convert 4 (base 11) to base 16.
4
What is 7 (base 14) in base 13?
7
-15 (base 13) to base 4
-102
Convert 13 (base 4) to base 9.
7
What is -118 (base 10) in base 3?
-11101
What is -33 (base 7) in base 6?
-40
Convert 38 (base 11) to base 13.
32
What is -3 (base 7) in base 10?
-3
Convert 178 (base 9) to base 14.
ac
What is 41 (base 10) in base 11?
38
What is -10 (base 3) in base 8?
-3
123 (base 5) to base 6
102
-22 (base 12) to base 10
-26
-2 (base 5) to base 10
-2
What is -1011 (base 3) in base 8?
-37
Convert 50 (base 8) to base 10.
40
-2 (base 4) to base 3
-2
3 (base 15) to base 11
3
10 (base 12) to base 13
c
312 (base 5) to base 13
64
Convert 5 (base 15) to base 3.
12
What is 33 (base 12) in base 5?
124
Convert 1010 (base 2) to base 9.
11
What is 13 (base 9) in base 13?
c
What is -2014 (base 5) in base 9?
-317
What is 2 (base 13) in base 7?
2
What is -1001 (base 2) in base 11?
-9
Convert -2 (base 13) to base 7.
-2
Convert 140 (base 10) to base 13.
aa
Convert -3 (base 4) to base 16.
-3
2 (base 13) to base 9
2
Convert 53 (base 10) to base 11.
49
11000 (base 2) to base 4
120
What is 110 (base 2) in base 3?
20
Convert 332 (base 5) to base 14.
68
-11 (base 11) to base 13
-c
-8 (base 14) to base 4
-20
What is -5 (base 11) in base 12?
-5
Convert 1304 (base 5) to base 3.
21120
What is 10 (base 5) in base 14?
5
What is 10110110 (base 2) in base 11?
156
What is 203 (base 5) in base 3?
1222
Convert 4 (base 5) to base 15.
4
11 (base 15) to base 2
10000
Convert -ee (base 15) to base 11.
-194
Convert 3 (base 6) to base 13.
3
3 (base 7) to base 5
3
22 (base 3) to base 6
12
Convert -1 (base 16) to base 3.
-1
Convert 125 (base 8) to base 14.
61
76 (base 10) to base 9
84
Convert 6 (base 8) to base 5.
11
Convert 200 (base 3) to base 2.
10010
Convert -9 (base 15) to base 6.
-13
-41 (base 8) to base 14
-25
4 (base 9) to base 7
4
What is -10 (base 3) in base 13?
-3
-7 (base 8) to base 2
-111
Convert 11 (base 7) to base 5.
13
Convert 61 (base 9) to base 2.
110111
-14 (base 15) to base 3
-201
-1111 (base 2) to base 14
-11
What is 20 (base 5) in base 9?
11
What is 49 (base 14) in base 7?
122
Convert -3110 (base 4) to base 10.
-212
What is 1 (base 11) in base 4?
1
334 (base 5) to base 7
163
What is -3 (base 8) in base 11?
-3
What is -12 (base 15) in base 14?
-13
Convert -3 (base 13) to base 9.
-3
Convert -1 (base 16) to base 7.
-1
What is 0 (base 4) in base 8?
0
-84 (base 15) to base 14
-8c
Convert 1 (base 8) to base 16.
1
What is 10 (base 3) in base 14?
3
4 (base 16) to base 15
4
13 (base 11) to base 9
15
What is -46 (base 9) in base 2?
-101010
What is 64 (base 13) in base 5?
312
-1 (base 4) to base 5
-1
What is -22 (base 7) in base 11?
-15
-2 (base 6) to base 5
-2
Convert 3 (base 4) to base 14.
3
What is -2 (base 3) in base 4?
-2
5 (base 10) to base 11
5
What is -63 (base 16) in base 14?
-71
1211 (base 5) to base 9
221
Convert -1011 (base 2) to base 13.
-b
What is 240 (base 10) in base 7?
462
9 (base 16) to base 13
9
What is -168 (base 11) in base 2?
-11000011
Convert -2 (base 8) to base 9.
-2
Convert 10 (base 11) to base 13.
b
-12 (base 3) to base 7
-5
What is 12 (base 4) in base 5?
11
What is -3 (base 11) in base 4?
-3
Convert 1001 (base 2) to base 6.
13
Convert -2d (base 14) to base 4.
-221
What is 30 (base 6) in base 14?
14
241 (base 7) to base 10
127
25 (base 16) to base 6
101
Convert -17 (base 11) to base 4.
-102
Convert -3 (base 4) to base 15.
-3
What is -344 (base 5) in base 12?
-83
2 (base 6) to base 12
2
-29 (base 12) to base 3
-1020
Convert 0 (base 10) to base 12.
0
10 (base 3) to base 15
3
What is 1 (base 13) in base 3?
1
Convert 71 (base 10) to base 4.
1013
Con